{"id":1072,"date":"2023-02-17T15:51:42","date_gmt":"2023-02-17T15:51:42","guid":{"rendered":"https:\/\/library.startertemplatecloud.com\/g19\/?page_id=952"},"modified":"2026-02-27T15:47:43","modified_gmt":"2026-02-27T14:47:43","slug":"home","status":"publish","type":"page","link":"https:\/\/adopter.graindepixel.fr\/version\/","title":{"rendered":"Refuge de l&rsquo;Angoumois &#8211; SPA de Mornac"},"content":{"rendered":"<h1>Refuge de l&rsquo;Angoumois<br \/>\n<\/h1>\n<h2>\nSPA de Mornac<\/h2>\n<p>\t\t\t\t\t<a href=\"https:\/\/www.helloasso.com\/associations\/refuge-de-l-angoumois-spa-charente\/formulaires\/3\" target=\"_blank\" rel=\"noopener\"><br \/>\n\t\t\t\t\t\t\t\t\tSoutenez le refuge : faites un don<br \/>\n\t\t\t\t\t<\/a><\/p>\n<h3>Offrez leur un nouveau foyer<\/h3>\n<h2>Adoptez un chat ou un chien<\/h2>\n<p>\t\t\t\t<a href=\"https:\/\/adopter.graindepixel.fr\/version\/les-adoptions\/\" target=\"_blank\" tabindex=\"-1\" aria-label=\"Les chiens\"><br \/>\n\t\t\t\t\t\t\t\t<\/a><\/p>\n<h3>\n\t\t\t\t\t\t<a href=\"https:\/\/adopter.graindepixel.fr\/version\/les-adoptions\/\" target=\"_blank\"><br \/>\n\t\t\t\t\t\t\tLes chiens\t\t\t\t\t\t<\/a><br \/>\n\t\t\t\t\t<\/h3>\n<p>\t\t\t\t<a href=\"https:\/\/adopter.graindepixel.fr\/version\/les-chats-a-ladoption\/\" tabindex=\"-1\" aria-label=\"Les chats\"><br \/>\n\t\t\t\t\t\t\t\t<\/a><\/p>\n<h3>\n\t\t\t\t\t\t<a href=\"https:\/\/adopter.graindepixel.fr\/version\/les-chats-a-ladoption\/\"><br \/>\n\t\t\t\t\t\t\tLes chats\t\t\t\t\t\t<\/a><br \/>\n\t\t\t\t\t<\/h3>\n<h3>\n\t\t\t\t\t\t\tLes seniors<br \/>\n\t\t\t\t\t<\/h3>\n<h2>Le refuge de l\u2019Angoumois<br \/>\n<\/h2>\n<h3>vous ouvre ses portes<\/h3>\n<ul>\n<li style=\"text-align: left;\">Du Lundi au Samedi de <strong>14h \u00e0 17h00<\/strong><\/li>\n<li style=\"text-align: left;\">Fermeture du chenil aux visites : <strong>16h30<\/strong><\/li>\n<li style=\"text-align: left;\">Chatterie ouverte <strong>uniquement sur rendez-vous<\/strong><\/li>\n<\/ul>\n<h2>Faites un don au refuge<\/h2>\n<h3>Nous avons besoin de votre soutien<\/h3>\n<p>66% des sommes vers\u00e9es ouvrent droit \u00e0 r\u00e9duction d\u2019imp\u00f4t dans la limite de 20% du revenu imposable.<\/p>\n<p>\t\t\t\t\t\t\t\t\t\t\t\t\t\t\t<img loading=\"lazy\" decoding=\"async\" width=\"150\" height=\"150\" src=\"https:\/\/adopter.graindepixel.fr\/version\/wp-content\/uploads\/2025\/05\/qrcode-150x150.png\" alt=\"qr code - don pour le refuge de l&#039;angoumois - SPA de Mornac - Charente\" srcset=\"https:\/\/collectif.graindepixel.fr\/element\/wp-content\/uploads\/2025\/05\/qrcode-150x150.png 150w, https:\/\/collectif.graindepixel.fr\/element\/wp-content\/uploads\/2025\/05\/qrcode-300x300.png 300w, https:\/\/collectif.graindepixel.fr\/element\/wp-content\/uploads\/2025\/05\/qrcode.png 600w\" sizes=\"auto, (max-width: 150px) 100vw, 150px\" \/><br \/>\n\t\t\t\t\t<a href=\"https:\/\/www.helloasso.com\/associations\/refuge-de-l-angoumois-spa-charente\/formulaires\/3\" target=\"_blank\" rel=\"noopener\"><br \/>\n\t\t\t\t\t\t\t\t\tFaites un don au refuge<br \/>\n\t\t\t\t\t<\/a><br \/>\n\t\t\t\t\t\t\t\t\t\t\t\t\t\t\t<img decoding=\"async\" src=\"https:\/\/adopter.graindepixel.fr\/version\/wp-content\/uploads\/2021\/11\/quotes.svg\" alt=\"\" \/><br \/>\n\t\t\t\t\t\t\t\t\t\t\t\t\t\t\t<img loading=\"lazy\" decoding=\"async\" width=\"511\" height=\"512\" src=\"https:\/\/adopter.graindepixel.fr\/version\/wp-content\/uploads\/2025\/11\/cropped-cropped-Logo-web-refuge-angoumois-spa-mornac-1-60x60.png\" alt=\"\" srcset=\"https:\/\/adopter.graindepixel.fr\/version\/wp-content\/uploads\/2025\/11\/cropped-cropped-Logo-web-refuge-angoumois-spa-mornac-1.png 511w, https:\/\/adopter.graindepixel.fr\/version\/wp-content\/uploads\/2025\/11\/cropped-cropped-Logo-web-refuge-angoumois-spa-mornac-1-300x300.png 300w, https:\/\/adopter.graindepixel.fr\/version\/wp-content\/uploads\/2025\/11\/cropped-cropped-Logo-web-refuge-angoumois-spa-mornac-1-150x150.png 150w, https:\/\/adopter.graindepixel.fr\/version\/wp-content\/uploads\/2025\/11\/cropped-cropped-Logo-web-refuge-angoumois-spa-mornac-1-60x60.png 60w\" sizes=\"auto, (max-width: 511px) 100vw, 511px\" \/>\t\t\t\t\t\t\t\t\t\t\t\t\t\t\t<\/p>\n<h2>Coralie Guerry<\/h2>\n<p>Pr\u00e9sidente du refuge de l\u2019Angoumois \u2013 SPA de Mornac<\/p>\n<h4>Merci du fond du c\u0153ur pour nos animaux. Vos dons nous permettent de continuer \u00e0 assurer notre mission de protection animale \u201d<\/h4>\n<p>Toute l\u2019\u00e9quipe du Refuge de l\u2019Angoumois, SPA de Mornac, adresse, au nom de ses petits prot\u00e9g\u00e9s chiens et chats, jeunes, vieux, abandonn\u00e9s, trouv\u00e9s, malades, handicap\u00e9s. De tr\u00e8s, tr\u00e8s chaleureux remerciements \u00e0 toutes les personnes qui se mobilisent pour nous apporter du soutien.<\/p>\n<p>\u00a0<\/p>\n<p>Chacun de vos dons nous touche sinc\u00e8rement et c\u2019est un refuge qui continue \u00e0 fonctionner pour continuer \u00e0 sauver les chiens et chats\u00a0 de notre d\u00e9partement. Merci \u00e0 tous ceux qui se mobilisent pour nos chers prot\u00e9g\u00e9s, merci d\u2019\u00eatre l\u00e0 \u00e0 nos c\u00f4t\u00e9s !<\/p>\n<p>\t\t\t\t\t\t\t\t\t\t\t\t\t\t\t<img loading=\"lazy\" decoding=\"async\" width=\"1024\" height=\"682\" src=\"https:\/\/adopter.graindepixel.fr\/version\/wp-content\/uploads\/2025\/11\/erfuge-angoumois-25-10-25-grain-de-pixel-399-1024x682.jpg\" alt=\"\" srcset=\"https:\/\/adopter.graindepixel.fr\/version\/wp-content\/uploads\/2025\/11\/erfuge-angoumois-25-10-25-grain-de-pixel-399-1024x682.jpg 1024w, https:\/\/adopter.graindepixel.fr\/version\/wp-content\/uploads\/2025\/11\/erfuge-angoumois-25-10-25-grain-de-pixel-399-300x200.jpg 300w, https:\/\/adopter.graindepixel.fr\/version\/wp-content\/uploads\/2025\/11\/erfuge-angoumois-25-10-25-grain-de-pixel-399-768x511.jpg 768w, https:\/\/adopter.graindepixel.fr\/version\/wp-content\/uploads\/2025\/11\/erfuge-angoumois-25-10-25-grain-de-pixel-399-1536x1022.jpg 1536w, https:\/\/adopter.graindepixel.fr\/version\/wp-content\/uploads\/2025\/11\/erfuge-angoumois-25-10-25-grain-de-pixel-399.jpg 2048w\" sizes=\"auto, (max-width: 1024px) 100vw, 1024px\" \/>\t\t\t\t\t\t\t\t\t\t\t\t\t\t\t<\/p>\n<h1>Devenez b\u00e9n\u00e9vole au refuge<\/h1>\n<p>Le refuge de l\u2019Angoumois c\u2019est avant tout l\u2019engagement de ses b\u00e9n\u00e9voles qui permettent \u00e0 nos pensionnaires de vivre, grandir en s\u00e9curit\u00e9 et profiter de la nature. C\u2019est aussi de nombreuses actions pour nous faire grandir et \u00e9voluer le refuge. Votre aide m\u00eame temporaire, m\u00eame ponctuelle est une grande aide pour tous nos pensionnaires.<\/p>\n<p>\t\t\t\t\t<a href=\"https:\/\/adopter.graindepixel.fr\/version\/benevole-au-refuge-de-langoumois\/\"><br \/>\n\t\t\t\t\t\t\t\t\tInformez-vous<br \/>\n\t\t\t\t\t<\/a><\/p>\n<h2>Les points de collecte du refuge<\/h2>\n<p>Le refuge de l\u2019Angoumois survit chaque jour gr\u00e2ce \u00e0 vos dons. Vous pouvez nous aider de plusieurs mani\u00e8res et selon vos budgets, vos moyens, vos possibilit\u00e9s. Nous sommes aussi b\u00e9n\u00e9ficiaires de la g\u00e9n\u00e9rosit\u00e9 des boutiques sp\u00e9cialis\u00e9es dans les animaux avec des points de collectes d\u00e9di\u00e9s \u00e0 la r\u00e9colte de vos dons.<\/p>\n<h2>Animal Nutrition \u00e0 Soyaux<\/h2>\n<p>La boutique Croc Blanc \u00e0 Champniers sp\u00e9cialiste du chien et du chat est un point de collecte pour le refuge. En allant faire vos courses, pensez \u00e0 nos amis \u00e0 4 pattes, un petit jouet, un sac de croquettes.<\/p>\n<p>\t\t\t\t\t<a href=\"https:\/\/www.animal-nutrition-16.com\/\" target=\"_blank\" rel=\"noopener\"><br \/>\n\t\t\t\t\t\t\t\t\tAnimal Nutrition<br \/>\n\t\t\t\t\t<\/a><\/p>\n<h2>Croc-Blanc \u00e0 Champniers<\/h2>\n<p>Animal Nutrition, sp\u00e9cialiste du chien, chat, et chevaux est un point de collecte pour le refuge. Une adresse suppl\u00e9mentaire \u00e0 votre service et ceux de vos animaux. N\u2019h\u00e9sitez pas \u00e0 leur rendre visite vous serez tr\u00e8s bien accueilli.<\/p>\n<p>\t\t\t\t\t<a href=\"https:\/\/crocblanc.fr\/\" target=\"_blank\" rel=\"noopener\"><br \/>\n\t\t\t\t\t\t\t\t\tCroc-Blanc<br \/>\n\t\t\t\t\t<\/a><\/p>\n","protected":false},"excerpt":{"rendered":"<p>Refuge de l&rsquo;Angoumois SPA de Mornac Soutenez le refuge : faites un don Offrez leur un nouveau foyer Adoptez un chat ou un chien Les chiens Les chats Les seniors Le refuge de l\u2019Angoumois vous ouvre ses portes Du Lundi au Samedi de 14h \u00e0 17h00 Fermeture du chenil aux visites : 16h30 Chatterie ouverte [&hellip;]<\/p>\n","protected":false},"author":1,"featured_media":1176,"parent":0,"menu_order":0,"comment_status":"closed","ping_status":"closed","template":"","meta":{"_acf_changed":false,"footnotes":""},"class_list":["post-1072","page","type-page","status-publish","has-post-thumbnail","hentry"],"acf":[],"_links":{"self":[{"href":"https:\/\/adopter.graindepixel.fr\/version\/wp-json\/wp\/v2\/pages\/1072","targetHints":{"allow":["GET"]}}],"collection":[{"href":"https:\/\/adopter.graindepixel.fr\/version\/wp-json\/wp\/v2\/pages"}],"about":[{"href":"https:\/\/adopter.graindepixel.fr\/version\/wp-json\/wp\/v2\/types\/page"}],"author":[{"embeddable":true,"href":"https:\/\/adopter.graindepixel.fr\/version\/wp-json\/wp\/v2\/users\/1"}],"replies":[{"embeddable":true,"href":"https:\/\/adopter.graindepixel.fr\/version\/wp-json\/wp\/v2\/comments?post=1072"}],"version-history":[{"count":0,"href":"https:\/\/adopter.graindepixel.fr\/version\/wp-json\/wp\/v2\/pages\/1072\/revisions"}],"wp:featuredmedia":[{"embeddable":true,"href":"https:\/\/adopter.graindepixel.fr\/version\/wp-json\/wp\/v2\/media\/1176"}],"wp:attachment":[{"href":"https:\/\/adopter.graindepixel.fr\/version\/wp-json\/wp\/v2\/media?parent=1072"}],"curies":[{"name":"wp","href":"https:\/\/api.w.org\/{rel}","templated":true}]}}

<h1>Refuge de l&rsquo;Angoumois<br />
</h1>
<h2>
SPA de Mornac</h2>
<p>					<a href="https://www.helloasso.com/associations/refuge-de-l-angoumois-spa-charente/formulaires/3" target="_blank" rel="noopener"><br />
									Soutenez le refuge : faites un don<br />
					</a></p>
<h3>Offrez leur un nouveau foyer</h3>
<h2>Adoptez un chat ou un chien</h2>
<p>				<a href="https://adopter.graindepixel.fr/version/les-adoptions/" target="_blank" tabindex="-1" aria-label="Les chiens"><br />
								</a></p>
<h3>
						<a href="https://adopter.graindepixel.fr/version/les-adoptions/" target="_blank"><br />
							Les chiens						</a><br />
					</h3>
<p>				<a href="https://adopter.graindepixel.fr/version/les-chats-a-ladoption/" tabindex="-1" aria-label="Les chats"><br />
								</a></p>
<h3>
						<a href="https://adopter.graindepixel.fr/version/les-chats-a-ladoption/"><br />
							Les chats						</a><br />
					</h3>
<h3>
							Les seniors<br />
					</h3>
<h2>Le refuge de l’Angoumois<br />
</h2>
<h3>vous ouvre ses portes</h3>
<ul>
<li style="text-align: left;">Du Lundi au Samedi de <strong>14h à 17h00</strong></li>
<li style="text-align: left;">Fermeture du chenil aux visites : <strong>16h30</strong></li>
<li style="text-align: left;">Chatterie ouverte <strong>uniquement sur rendez-vous</strong></li>
</ul>
<h2>Faites un don au refuge</h2>
<h3>Nous avons besoin de votre soutien</h3>
<p>66% des sommes versées ouvrent droit à réduction d’impôt dans la limite de 20% du revenu imposable.</p>
<p>															<img loading="lazy" decoding="async" width="150" height="150" src="https://adopter.graindepixel.fr/version/wp-content/uploads/2025/05/qrcode-150x150.png" alt="qr code - don pour le refuge de l&#039;angoumois - SPA de Mornac - Charente" srcset="https://collectif.graindepixel.fr/element/wp-content/uploads/2025/05/qrcode-150x150.png 150w, https://collectif.graindepixel.fr/element/wp-content/uploads/2025/05/qrcode-300x300.png 300w, https://collectif.graindepixel.fr/element/wp-content/uploads/2025/05/qrcode.png 600w" sizes="auto, (max-width: 150px) 100vw, 150px" /><br />
					<a href="https://www.helloasso.com/associations/refuge-de-l-angoumois-spa-charente/formulaires/3" target="_blank" rel="noopener"><br />
									Faites un don au refuge<br />
					</a><br />
															<img decoding="async" src="https://adopter.graindepixel.fr/version/wp-content/uploads/2021/11/quotes.svg" alt="" /><br />
															<img loading="lazy" decoding="async" width="511" height="512" src="https://adopter.graindepixel.fr/version/wp-content/uploads/2025/11/cropped-cropped-Logo-web-refuge-angoumois-spa-mornac-1-60x60.png" alt="" srcset="https://adopter.graindepixel.fr/version/wp-content/uploads/2025/11/cropped-cropped-Logo-web-refuge-angoumois-spa-mornac-1.png 511w, https://adopter.graindepixel.fr/version/wp-content/uploads/2025/11/cropped-cropped-Logo-web-refuge-angoumois-spa-mornac-1-300x300.png 300w, https://adopter.graindepixel.fr/version/wp-content/uploads/2025/11/cropped-cropped-Logo-web-refuge-angoumois-spa-mornac-1-150x150.png 150w, https://adopter.graindepixel.fr/version/wp-content/uploads/2025/11/cropped-cropped-Logo-web-refuge-angoumois-spa-mornac-1-60x60.png 60w" sizes="auto, (max-width: 511px) 100vw, 511px" />															</p>
<h2>Coralie Guerry</h2>
<p>Présidente du refuge de l’Angoumois – SPA de Mornac</p>
<h4>Merci du fond du cœur pour nos animaux. Vos dons nous permettent de continuer à assurer notre mission de protection animale ”</h4>
<p>Toute l’équipe du Refuge de l’Angoumois, SPA de Mornac, adresse, au nom de ses petits protégés chiens et chats, jeunes, vieux, abandonnés, trouvés, malades, handicapés. De très, très chaleureux remerciements à toutes les personnes qui se mobilisent pour nous apporter du soutien.</p>
<p> </p>
<p>Chacun de vos dons nous touche sincèrement et c’est un refuge qui continue à fonctionner pour continuer à sauver les chiens et chats  de notre département. Merci à tous ceux qui se mobilisent pour nos chers protégés, merci d’être là à nos côtés !</p>
<p>															<img loading="lazy" decoding="async" width="1024" height="682" src="https://adopter.graindepixel.fr/version/wp-content/uploads/2025/11/erfuge-angoumois-25-10-25-grain-de-pixel-399-1024x682.jpg" alt="" srcset="https://adopter.graindepixel.fr/version/wp-content/uploads/2025/11/erfuge-angoumois-25-10-25-grain-de-pixel-399-1024x682.jpg 1024w, https://adopter.graindepixel.fr/version/wp-content/uploads/2025/11/erfuge-angoumois-25-10-25-grain-de-pixel-399-300x200.jpg 300w, https://adopter.graindepixel.fr/version/wp-content/uploads/2025/11/erfuge-angoumois-25-10-25-grain-de-pixel-399-768x511.jpg 768w, https://adopter.graindepixel.fr/version/wp-content/uploads/2025/11/erfuge-angoumois-25-10-25-grain-de-pixel-399-1536x1022.jpg 1536w, https://adopter.graindepixel.fr/version/wp-content/uploads/2025/11/erfuge-angoumois-25-10-25-grain-de-pixel-399.jpg 2048w" sizes="auto, (max-width: 1024px) 100vw, 1024px" />															</p>
<h1>Devenez bénévole au refuge</h1>
<p>Le refuge de l’Angoumois c’est avant tout l’engagement de ses bénévoles qui permettent à nos pensionnaires de vivre, grandir en sécurité et profiter de la nature. C’est aussi de nombreuses actions pour nous faire grandir et évoluer le refuge. Votre aide même temporaire, même ponctuelle est une grande aide pour tous nos pensionnaires.</p>
<p>					<a href="https://adopter.graindepixel.fr/version/benevole-au-refuge-de-langoumois/"><br />
									Informez-vous<br />
					</a></p>
<h2>Les points de collecte du refuge</h2>
<p>Le refuge de l’Angoumois survit chaque jour grâce à vos dons. Vous pouvez nous aider de plusieurs manières et selon vos budgets, vos moyens, vos possibilités. Nous sommes aussi bénéficiaires de la générosité des boutiques spécialisées dans les animaux avec des points de collectes dédiés à la récolte de vos dons.</p>
<h2>Animal Nutrition à Soyaux</h2>
<p>La boutique Croc Blanc à Champniers spécialiste du chien et du chat est un point de collecte pour le refuge. En allant faire vos courses, pensez à nos amis à 4 pattes, un petit jouet, un sac de croquettes.</p>
<p>					<a href="https://www.animal-nutrition-16.com/" target="_blank" rel="noopener"><br />
									Animal Nutrition<br />
					</a></p>
<h2>Croc-Blanc à Champniers</h2>
<p>Animal Nutrition, spécialiste du chien, chat, et chevaux est un point de collecte pour le refuge. Une adresse supplémentaire à votre service et ceux de vos animaux. N’hésitez pas à leur rendre visite vous serez très bien accueilli.</p>
<p>					<a href="https://crocblanc.fr/" target="_blank" rel="noopener"><br />
									Croc-Blanc<br />
					</a></p>

<p>Refuge de l&rsquo;Angoumois SPA de Mornac Soutenez le refuge : faites un don Offrez leur un nouveau foyer Adoptez un chat ou un chien Les chiens Les chats Les seniors Le refuge de l’Angoumois vous ouvre ses portes Du Lundi au Samedi de 14h à 17h00 Fermeture du chenil aux visites : 16h30 Chatterie ouverte [&hellip;]</p>
