{"id":1767,"date":"2023-11-27T15:30:55","date_gmt":"2023-11-27T14:30:55","guid":{"rendered":"https:\/\/refuge.graindepixel.fr\/wordpress\/?page_id=1767"},"modified":"2026-02-28T17:18:58","modified_gmt":"2026-02-28T16:18:58","slug":"accueillir-un-chien-adopter","status":"publish","type":"page","link":"https:\/\/adopter.graindepixel.fr\/version\/accueillir-un-chien-adopter\/","title":{"rendered":"Accueillir un chien apr\u00e8s l&rsquo;adoption"},"content":{"rendered":"<h1>L\u2019accueil du chien adopt\u00e9<\/h1>\n<h2>Conseils pour bien accueillir votre toutou chez vous<\/h2>\n<h2>Accueillir un chien \u00e0 la maison<\/h2>\n<h3>une nouvelle aventure<br \/>\n<\/h3>\n<p>Accueillir un chien apr\u00e8s avoir finalis\u00e9 l\u2019adoption c\u2019est le d\u00e9but d\u2019une nouvelle aventure. Le chien que vous attendiez est enfin chez vous ! Vous venez de l\u2019adopter au refuge mais il a tout \u00e0 apprendre de vous et de votre fa\u00e7on de vivre. Il est tr\u00e8s important que pendant les premiers temps, vous soyez particuli\u00e8rement vigilants. Sortez votre chien toujours en laisse ou en longe pour qu\u2019il se sente un peu plus libre de ses mouvements.<\/p>\n<p>\t\t\t\t\t\t\t\t\t\t\t\t\t\t\t<img loading=\"lazy\" decoding=\"async\" width=\"1024\" height=\"682\" src=\"https:\/\/adopter.graindepixel.fr\/version\/wp-content\/uploads\/2025\/12\/erfuge-angoumois-25-10-25-grain-de-pixel-485-1024x682.jpg\" alt=\"accueillir un chien adopt\u00e9 \u00e0 la maison - refuge de l&#039;Angoumois- SPA de Mornac - Cr\u00e9dit photo : Franck SIMON - photographe canin en Charente\" srcset=\"https:\/\/adopter.graindepixel.fr\/version\/wp-content\/uploads\/2025\/12\/erfuge-angoumois-25-10-25-grain-de-pixel-485-1024x682.jpg 1024w, https:\/\/adopter.graindepixel.fr\/version\/wp-content\/uploads\/2025\/12\/erfuge-angoumois-25-10-25-grain-de-pixel-485-300x200.jpg 300w, https:\/\/adopter.graindepixel.fr\/version\/wp-content\/uploads\/2025\/12\/erfuge-angoumois-25-10-25-grain-de-pixel-485-768x511.jpg 768w, https:\/\/adopter.graindepixel.fr\/version\/wp-content\/uploads\/2025\/12\/erfuge-angoumois-25-10-25-grain-de-pixel-485-1536x1022.jpg 1536w, https:\/\/adopter.graindepixel.fr\/version\/wp-content\/uploads\/2025\/12\/erfuge-angoumois-25-10-25-grain-de-pixel-485.jpg 2048w\" sizes=\"auto, (max-width: 1024px) 100vw, 1024px\" \/>\t\t\t\t\t\t\t\t\t\t\t\t\t\t\t<\/p>\n<h2>Les bonnes attitudes<\/h2>\n<h3>\u00e0 adopter<\/h3>\n<p>Si votre jardin n\u2019est pas clos ou que la cl\u00f4ture est basse : ne laissez pas votre chien libre et sans surveillance tant qu\u2019il n\u2019est pas parfaitement habitu\u00e9 \u00e0 son nouveau domaine. Votre cl\u00f4ture peut pr\u00e9senter des failles, des faiblesses insoup\u00e7onn\u00e9es que votre nouveau compagnon ne manquera pas de d\u00e9couvrir et mettre toute son ing\u00e9niosit\u00e9 dans le simple but de prendre la poudre d\u2019escampette.<\/p>\n<p>\u00a0<\/p>\n<p>Un animal abandonn\u00e9 et nouvellement adopt\u00e9 est quelquefois d\u00e9stabilis\u00e9, il a perdu ses rep\u00e8res. Il vous faudra lui donner un nouveau rythme de vie, en faisant preuve d\u2019indulgence et de patience. Il sort de box et il se peut qu\u2019il en ait un peu perdu les notions de propret\u00e9 alors sortez-le souvent en le f\u00e9licitant chaque fois qu\u2019il fait ses besoins dehors. Attribuez lui sa place d\u00e9s son arriv\u00e9e et posez les interdits tout de suite, toujours en douceur.<\/p>\n<p>\u00a0<\/p>\n<p>Il est vrai que bien des adoptions montrent que ces chiens ont un pouvoir d\u2019adaptation incroyable, et qu\u2019il ne faut pas prendre peur en sachant que celui qui vous fait craquer a 2 ans de chenil ou plus \u00ab dans les pattes \u00bb.<\/p>\n<p>\t\t\t\t\t\t\t\t\t\t\t\t\t\t\t<img loading=\"lazy\" decoding=\"async\" width=\"1024\" height=\"682\" src=\"https:\/\/adopter.graindepixel.fr\/version\/wp-content\/uploads\/2025\/12\/refuge-angoumois-16-11-24-grain-de-pixel-168-1024x682.jpg\" alt=\"accueillir un chien adopt\u00e9 \u00e0 la maison - refuge de l&#039;Angoumois- SPA de Mornac - Cr\u00e9dit photo : Franck SIMON - photographe canin en Charente\" srcset=\"https:\/\/adopter.graindepixel.fr\/version\/wp-content\/uploads\/2025\/12\/refuge-angoumois-16-11-24-grain-de-pixel-168-1024x682.jpg 1024w, https:\/\/adopter.graindepixel.fr\/version\/wp-content\/uploads\/2025\/12\/refuge-angoumois-16-11-24-grain-de-pixel-168-300x200.jpg 300w, https:\/\/adopter.graindepixel.fr\/version\/wp-content\/uploads\/2025\/12\/refuge-angoumois-16-11-24-grain-de-pixel-168-768x511.jpg 768w, https:\/\/adopter.graindepixel.fr\/version\/wp-content\/uploads\/2025\/12\/refuge-angoumois-16-11-24-grain-de-pixel-168-1536x1022.jpg 1536w, https:\/\/adopter.graindepixel.fr\/version\/wp-content\/uploads\/2025\/12\/refuge-angoumois-16-11-24-grain-de-pixel-168.jpg 2048w\" sizes=\"auto, (max-width: 1024px) 100vw, 1024px\" \/>\t\t\t\t\t\t\t\t\t\t\t\t\t\t\t<\/p>\n<p>Certains chiens ont \u00e9t\u00e9 battus ou \u00ab oubli\u00e9s \u00bb au fond d\u2019un jardin sans jamais voir personne, ceux-l\u00e0 demandent patience et douceur pour devenir votre meilleur ami. Chaque chien demande un temps d\u2019adaptation, plus ou moins long, alors ne baissez pas les bras si c\u2019est plus long que ce que vous croyiez.<\/p>\n<p>\u00a0<\/p>\n<h3 style=\"text-align: center;\">La r\u00e9compense et les r\u00e8gles<\/h3>\n<p>Pour inculquer les r\u00e8gles \u00e0 votre chien, vous devez le r\u00e9compenser lorsqu\u2019il s\u2019y tient. Pour cela, utilisez la r\u00e9compense alimentaire, les caresses et un ton agr\u00e9able. La r\u00e9compense doit avoir lieu au moment m\u00eame o\u00f9 le chien s\u2019assoit par exemple et non plus lorsqu\u2019il est assis.<\/p>\n<p>\u00a0<\/p>\n<h3 style=\"text-align: center;\">L&rsquo;affection d&rsquo;un chien ne se force pas<\/h3>\n<p>Ne forcez pas son affection : parlez-lui doucement, calmement et laissez-le venir \u00e0 vous de lui-m\u00eame. Vous arriverez plus vite au r\u00e9sultat que vous souhaitez. Vous constaterez, \u00e0 la lecture de ces lignes, que poss\u00e9der un animal demande de votre part de la compr\u00e9hension, quelques connaissances et beaucoup de patience. N\u2019oubliez pas que le bonheur et la bonne sant\u00e9 de votre compagnon d\u00e9pendent de vous, mais seront aussi votre r\u00e9compense.<\/p>\n<p>\u00a0<\/p>\n<h3 style=\"text-align: center;\">Si malgr\u00e9 tous ces conseils vous rencontrez un probl\u00e8me :<\/h3>\n<p>\u00a0<\/p>\n<p style=\"text-align: center;\">N\u2019h\u00e9sitez pas \u00e0 contacter les b\u00e9n\u00e9voles ou salari\u00e9s du refuge d\u00e9s l\u2019apparition de vos premi\u00e8res inqui\u00e9tudes :<\/p>\n<p>\u00a0<\/p>\n<p style=\"text-align: center;\"><strong>N\u2019ATTENDEZ PAS QU\u2019UN COMPORTEMENT IND\u00c9SIRABLE S\u2019INSTALLE<\/strong><\/p>\n<p>\u00a0<\/p>\n<p>N\u2019ayez pas peur de nous questionner, nous sommes l\u00e0 pour \u00e7a. Vous avez des questions ou vous doutez ? N\u2019h\u00e9sitez pas \u00e0 venir nous voir, consulter nos soigneurs pour une meilleure prise en compte de vos doutes. Parfois le chemin d\u2019adoption et d\u2019int\u00e9gration du chien peut \u00eatre long. Mais avec de la patience, de l\u2019\u00e9coute et venir vous informer pourra r\u00e9soudre beaucoup de probl\u00e8mes.<\/p>\n","protected":false},"excerpt":{"rendered":"<p>L\u2019accueil du chien adopt\u00e9 Conseils pour bien accueillir votre toutou chez vous Accueillir un chien \u00e0 la maison une nouvelle aventure Accueillir un chien apr\u00e8s avoir finalis\u00e9 l\u2019adoption c\u2019est le d\u00e9but d\u2019une nouvelle aventure. Le chien que vous attendiez est enfin chez vous ! Vous venez de l\u2019adopter au refuge mais il a tout \u00e0 [&hellip;]<\/p>\n","protected":false},"author":1,"featured_media":1750,"parent":0,"menu_order":0,"comment_status":"closed","ping_status":"closed","template":"","meta":{"_acf_changed":false,"footnotes":""},"class_list":["post-1767","page","type-page","status-publish","has-post-thumbnail","hentry"],"acf":[],"_links":{"self":[{"href":"https:\/\/adopter.graindepixel.fr\/version\/wp-json\/wp\/v2\/pages\/1767","targetHints":{"allow":["GET"]}}],"collection":[{"href":"https:\/\/adopter.graindepixel.fr\/version\/wp-json\/wp\/v2\/pages"}],"about":[{"href":"https:\/\/adopter.graindepixel.fr\/version\/wp-json\/wp\/v2\/types\/page"}],"author":[{"embeddable":true,"href":"https:\/\/adopter.graindepixel.fr\/version\/wp-json\/wp\/v2\/users\/1"}],"replies":[{"embeddable":true,"href":"https:\/\/adopter.graindepixel.fr\/version\/wp-json\/wp\/v2\/comments?post=1767"}],"version-history":[{"count":0,"href":"https:\/\/adopter.graindepixel.fr\/version\/wp-json\/wp\/v2\/pages\/1767\/revisions"}],"wp:featuredmedia":[{"embeddable":true,"href":"https:\/\/adopter.graindepixel.fr\/version\/wp-json\/wp\/v2\/media\/1750"}],"wp:attachment":[{"href":"https:\/\/adopter.graindepixel.fr\/version\/wp-json\/wp\/v2\/media?parent=1767"}],"curies":[{"name":"wp","href":"https:\/\/api.w.org\/{rel}","templated":true}]}}