{"id":1769,"date":"2023-11-27T15:40:52","date_gmt":"2023-11-27T14:40:52","guid":{"rendered":"https:\/\/refuge.graindepixel.fr\/wordpress\/?page_id=1769"},"modified":"2026-02-28T17:18:37","modified_gmt":"2026-02-28T16:18:37","slug":"la-sterilisation-de-votre-animal","status":"publish","type":"page","link":"https:\/\/adopter.graindepixel.fr\/version\/la-sterilisation-de-votre-animal\/","title":{"rendered":"La st\u00e9rilisation de votre animal"},"content":{"rendered":"<h1>L&rsquo;importance de la st\u00e9rilisation<br \/>\n<\/h1>\n<h2>Chez les chats et les chiens<br \/>\n<\/h2>\n<p>\t\t\t\t\t\t\t\t\t\t\t\t\t\t\t<img loading=\"lazy\" decoding=\"async\" width=\"1024\" height=\"682\" src=\"https:\/\/adopter.graindepixel.fr\/version\/wp-content\/uploads\/2025\/12\/erfuge-angoumois-25-10-25-grain-de-pixel-578-1024x682.jpg\" alt=\"st\u00e9rilisation chez le chien et le chat - refuge de l&#039;Angoumois - cr\u00e9dit photo : grain de pixel - photographe canin \u00e0 Angoul\u00eame\" srcset=\"https:\/\/adopter.graindepixel.fr\/version\/wp-content\/uploads\/2025\/12\/erfuge-angoumois-25-10-25-grain-de-pixel-578-1024x682.jpg 1024w, https:\/\/adopter.graindepixel.fr\/version\/wp-content\/uploads\/2025\/12\/erfuge-angoumois-25-10-25-grain-de-pixel-578-300x200.jpg 300w, https:\/\/adopter.graindepixel.fr\/version\/wp-content\/uploads\/2025\/12\/erfuge-angoumois-25-10-25-grain-de-pixel-578-768x511.jpg 768w, https:\/\/adopter.graindepixel.fr\/version\/wp-content\/uploads\/2025\/12\/erfuge-angoumois-25-10-25-grain-de-pixel-578-1536x1022.jpg 1536w, https:\/\/adopter.graindepixel.fr\/version\/wp-content\/uploads\/2025\/12\/erfuge-angoumois-25-10-25-grain-de-pixel-578.jpg 2048w\" sizes=\"auto, (max-width: 1024px) 100vw, 1024px\" \/><br \/>\n\t\t\t\t\t\t\t\t\t\t\t\t\t\t\t<img loading=\"lazy\" decoding=\"async\" width=\"1024\" height=\"682\" src=\"https:\/\/adopter.graindepixel.fr\/version\/wp-content\/uploads\/2025\/12\/refuge-angoumois-01-03-25-grain-de-pixel-202-1024x682.jpg\" alt=\"st\u00e9rilisation chez le chien et le chat - refuge de l&#039;Angoumois - cr\u00e9dit photo : grain de pixel - photographe canin \u00e0 Angoul\u00eame\" srcset=\"https:\/\/adopter.graindepixel.fr\/version\/wp-content\/uploads\/2025\/12\/refuge-angoumois-01-03-25-grain-de-pixel-202-1024x682.jpg 1024w, https:\/\/adopter.graindepixel.fr\/version\/wp-content\/uploads\/2025\/12\/refuge-angoumois-01-03-25-grain-de-pixel-202-300x200.jpg 300w, https:\/\/adopter.graindepixel.fr\/version\/wp-content\/uploads\/2025\/12\/refuge-angoumois-01-03-25-grain-de-pixel-202-768x511.jpg 768w, https:\/\/adopter.graindepixel.fr\/version\/wp-content\/uploads\/2025\/12\/refuge-angoumois-01-03-25-grain-de-pixel-202-1536x1022.jpg 1536w, https:\/\/adopter.graindepixel.fr\/version\/wp-content\/uploads\/2025\/12\/refuge-angoumois-01-03-25-grain-de-pixel-202.jpg 2048w\" sizes=\"auto, (max-width: 1024px) 100vw, 1024px\" \/>\t\t\t\t\t\t\t\t\t\t\t\t\t\t\t<\/p>\n<p>Chaque ann\u00e9e, \u00e0 cause de la surpopulation animale qui r\u00e8gne en France, due en grande partie aux naissances chez des particuliers, des milliers d\u2019animaux sont mis \u00e0 mort, ou se retrouvent en refuge. Contrairement \u00e0 ce qui \u00e9tait pratiqu\u00e9 il y a 30 ans, votre chatte ou votre chienne n\u2019a absolument pas besoin de reproduire.\u00a0<\/p>\n<p>\u00a0<\/p>\n<p><strong>Les progr\u00e8s de la m\u00e9decine v\u00e9t\u00e9rinaire\u00a0 prouvent tout le b\u00e9n\u00e9fice de la st\u00e9rilisation\u00a0 :<\/strong><\/p>\n<p>\u00a0<\/p>\n<ul>\n<li><strong>Le risque de tumeur mammaire<\/strong> baisse consid\u00e9rablement chez les chiennes qui subissent une ablation des ovaires avant ses deux ans, les grossesses nerveuses sont aussi beaucoup moins fr\u00e9quentes.<\/li>\n<li><strong>Les pseudo-gestations (grossesses nerveuses)<\/strong> survenant environ 2 mois apr\u00e8s les chaleurs et leurs cort\u00e8ges de sympt\u00f4mes pouvant modifier le comportement de la chienne disparaissent avec la chirurgie.\n<ul>\n<li>Exemples : la chienne qui rassemble ses jouets dans sa pani\u00e8re et qui gronde d\u00e8s que vous vous approchez ou la chienne qui se l\u00e8che constamment les mamelles provoquant et entretenant la production de lait sont autant de signes qui doivent alerter les ma\u00eetres sur les risques de diff\u00e9rentes pathologies \u00e0 long terme, pathologies r\u00e9gl\u00e9es par la st\u00e9rilisation pr\u00e9coce.<\/li>\n<\/ul>\n<\/li>\n<li><strong>Les m\u00e9trites (inflammations avec infection de l\u2019ut\u00e9rus)<\/strong> pouvant survenir spontan\u00e9ment ou bien au d\u00e9cours d\u2019un traitement destin\u00e9 \u00e0 supprimer les chaleurs ou \u00e0 provoquer un avortement ne sont plus un risque pour la sant\u00e9 de la chienne lorsqu\u2019elle est st\u00e9rilis\u00e9e.<\/li>\n<li><strong>Chez la chatte, qui dit st\u00e9rilisation dit suppression des chaleurs<\/strong>. Ceux qui partagent leur vie n\u2019auront plus \u00e0 subir leurs miaulements incessants lorsqu\u2019elle est \u00e0 la recherche de m\u00e2les.<\/li>\n<li><strong>Chez les m\u00e2les, chiens comme chats,<\/strong> on constate apr\u00e8s la castration une l\u00e9g\u00e8re transformation du comportement.<\/li>\n<li><strong>Les chats<\/strong> <strong>sont moins aventureux<\/strong> et de fait risquent moins d\u2019accidents et les chiens souvent un peu plus calmes.<\/li>\n<li><strong>Les chats<\/strong> <strong>ne risquent plus de cancer des testicules<\/strong>, chez les chiens c\u2019est le risque de cancer de la prostate qui d\u00e9cro\u00eet. Ces cancers sont tr\u00e8s r\u00e9pandus et causent de nombreuses morts pr\u00e9matur\u00e9es chez nos compagnons.<\/li>\n<\/ul>\n<p>\t\t\t\t\t\t\t\t\t\t\t\t\t\t\t<img loading=\"lazy\" decoding=\"async\" width=\"1024\" height=\"682\" src=\"https:\/\/adopter.graindepixel.fr\/version\/wp-content\/uploads\/2025\/12\/refuge-angoumois-16-11-24-grain-de-pixel-432-1024x682.jpg\" alt=\"refuge angoumois 16 11 24 grain de pixel 432\" srcset=\"https:\/\/adopter.graindepixel.fr\/version\/wp-content\/uploads\/2025\/12\/refuge-angoumois-16-11-24-grain-de-pixel-432-1024x682.jpg 1024w, https:\/\/adopter.graindepixel.fr\/version\/wp-content\/uploads\/2025\/12\/refuge-angoumois-16-11-24-grain-de-pixel-432-300x200.jpg 300w, https:\/\/adopter.graindepixel.fr\/version\/wp-content\/uploads\/2025\/12\/refuge-angoumois-16-11-24-grain-de-pixel-432-768x511.jpg 768w, https:\/\/adopter.graindepixel.fr\/version\/wp-content\/uploads\/2025\/12\/refuge-angoumois-16-11-24-grain-de-pixel-432-1536x1022.jpg 1536w, https:\/\/adopter.graindepixel.fr\/version\/wp-content\/uploads\/2025\/12\/refuge-angoumois-16-11-24-grain-de-pixel-432.jpg 2048w\" sizes=\"auto, (max-width: 1024px) 100vw, 1024px\" \/>\t\t\t\t\t\t\t\t\t\t\t\t\t\t\t<\/p>\n<h2>La reproduction<\/h2>\n<h3>Une activit\u00e9 pour professionnels ou amateurs avertis<\/h3>\n<p>Trop de femelles meurent en mettant bas, soit \u00e0 cause de leur \u00e2ge trop avanc\u00e9 pour reproduire, soit \u00e0 cause de complications de la mise bas.<\/p>\n<p>\u00a0<\/p>\n<p>La plupart des particuliers qui s\u2019improvisent \u00ab \u00e9leveur occasionnel \u00bb n\u2019ont pas les connaissances d\u2019un v\u00e9t\u00e9rinaire ou d\u2019un \u00e9leveur pour intervenir quand une c\u00e9sarienne s\u2019impose en urgence car les petits ne sont pas expuls\u00e9s malgr\u00e9 des heures de contractions \u00e9puisantes mais inefficaces.<\/p>\n<p>\u00a0<\/p>\n<p>En plus de risquer la vie de la m\u00e8re, on risque aussi la vie des petits qui ont besoin du lait maternel pour survivre les premiers jours. Faire na\u00eetre des petits chez soi implique un minimum de comp\u00e9tences, c\u2019est un m\u00e9tier !! Celui d\u2019\u00e9leveur qui va produire des chiots ou chatons LOF ou LOOF c\u2019est \u00e0 dire dont la g\u00e9n\u00e9alogie est connue et tra\u00e7able.<\/p>\n<p>\u00a0<\/p>\n<p>Tout bon \u00e9leveur s\u2019assurera \u00e9galement que ses reproducteurs ne sont pas porteurs de maladies ou de tares g\u00e9n\u00e9tiques susceptibles d\u2019affecter les petits. Il s\u2019assurera \u00e9galement du bon d\u00e9veloppement comportemental de ses chiots ou chatons en les stimulant correctement et en les socialisant aux situations que les petits rencontreront dans leurs nouvelles familles.<\/p>\n<p>\u00a0<\/p>\n<p>Ne croyez surtout pas que seul les chiens \u00ab de race \u00bb sont susceptibles de d\u00e9velopper des tares ou des maladies \u00e0 cause de mariages malheureux; les crois\u00e9s, les corniauds ont tout autant de risques.<\/p>\n<p>\t\t\t\t\t\t\t\t\t\t\t\t\t\t\t<img loading=\"lazy\" decoding=\"async\" width=\"1024\" height=\"682\" src=\"https:\/\/adopter.graindepixel.fr\/version\/wp-content\/uploads\/2025\/12\/erfuge-angoumois-25-10-25-grain-de-pixel-437-1024x682.jpg\" alt=\"st\u00e9r\u00e9lisation\" srcset=\"https:\/\/adopter.graindepixel.fr\/version\/wp-content\/uploads\/2025\/12\/erfuge-angoumois-25-10-25-grain-de-pixel-437-1024x682.jpg 1024w, https:\/\/adopter.graindepixel.fr\/version\/wp-content\/uploads\/2025\/12\/erfuge-angoumois-25-10-25-grain-de-pixel-437-300x200.jpg 300w, https:\/\/adopter.graindepixel.fr\/version\/wp-content\/uploads\/2025\/12\/erfuge-angoumois-25-10-25-grain-de-pixel-437-768x511.jpg 768w, https:\/\/adopter.graindepixel.fr\/version\/wp-content\/uploads\/2025\/12\/erfuge-angoumois-25-10-25-grain-de-pixel-437-1536x1022.jpg 1536w, https:\/\/adopter.graindepixel.fr\/version\/wp-content\/uploads\/2025\/12\/erfuge-angoumois-25-10-25-grain-de-pixel-437.jpg 2048w\" sizes=\"auto, (max-width: 1024px) 100vw, 1024px\" \/>\t\t\t\t\t\t\t\t\t\t\t\t\t\t\t<\/p>\n<h2>\u00c9lever et bien \u00e9lever<\/h2>\n<h3>C&rsquo;est un m\u00e9tier<\/h3>\n<p>Vermifuger une femelle gestante et les petits apr\u00e8s la naissance, faire identifier et vacciner toute la port\u00e9e avant de les c\u00e9der aux futurs adoptants, sont autant de gestes obligatoires et couteux \u00e0 effectuer pour assurer la bonne sant\u00e9 de tout ce petit monde. Une fois que vous aurez r\u00e9gl\u00e9 tous les frais v\u00e9t\u00e9rinaires, vous allez devoir trouver de bonnes familles pour tous ces b\u00e9b\u00e9s que vous avez vu grandir avec tendresse jour apr\u00e8s jour.<\/p>\n<p>\u00a0<\/p>\n<p>Bien choisir des ma\u00eetres n\u2019est pas chose ais\u00e9e et malgr\u00e9 toutes vos pr\u00e9cautions, vous n\u2019avez aucune garantie qu\u2019un ou plusieurs de ces b\u00e9b\u00e9s ne se retrouvera pas un jour derri\u00e8re les barreaux dans un refuge. En effet \u00a095% des chiens qui s\u2019y trouvent sont des animaux qui ont \u00e9t\u00e9 un jour des petits dans des familles comme la v\u00f4tre.<\/p>\n<p>\u00a0<\/p>\n<p>Les chats n\u2019ont pas un sort plus enviable. Tous les chats errants que nous croisons dans nos campagnes sont condamn\u00e9s\u00a0\u00e0 court ou moyen terme par les maladies, les accidents ou l\u2019euthanasie. D\u2019o\u00f9 viennent ces chats? De propri\u00e9taires irresponsables qui laissent reproduire leurs chats et leurs chattes. Tr\u00e8s vite ces derni\u00e8res comprennent qu\u2019il leur faut cacher leurs petits et vous ne les retrouvez plus.<\/p>\n<p>\u00a0<\/p>\n<p>Le cycle infernal est alors en marche. Afin d\u2019\u00e9viter \u00e0 ces petits \u00eatres qui n\u2019ont pas demand\u00e9 \u00e0 \u00eatre l\u00e0, de mourir avant d\u2019avoir v\u00e9cu, alors ayez un peu de compassion.<\/p>\n<p>\u00a0<\/p>\n<p style=\"text-align: center;\"><strong>St\u00e9rilisez vos chats et aidez nous dans notre combat !<\/strong><\/p>\n","protected":false},"excerpt":{"rendered":"<p>L&rsquo;importance de la st\u00e9rilisation Chez les chats et les chiens Chaque ann\u00e9e, \u00e0 cause de la surpopulation animale qui r\u00e8gne en France, due en grande partie aux naissances chez des particuliers, des milliers d\u2019animaux sont mis \u00e0 mort, ou se retrouvent en refuge. Contrairement \u00e0 ce qui \u00e9tait pratiqu\u00e9 il y a 30 ans, votre [&hellip;]<\/p>\n","protected":false},"author":1,"featured_media":8284,"parent":0,"menu_order":0,"comment_status":"closed","ping_status":"closed","template":"","meta":{"_acf_changed":false,"footnotes":""},"class_list":["post-1769","page","type-page","status-publish","has-post-thumbnail","hentry"],"acf":[],"_links":{"self":[{"href":"https:\/\/adopter.graindepixel.fr\/version\/wp-json\/wp\/v2\/pages\/1769","targetHints":{"allow":["GET"]}}],"collection":[{"href":"https:\/\/adopter.graindepixel.fr\/version\/wp-json\/wp\/v2\/pages"}],"about":[{"href":"https:\/\/adopter.graindepixel.fr\/version\/wp-json\/wp\/v2\/types\/page"}],"author":[{"embeddable":true,"href":"https:\/\/adopter.graindepixel.fr\/version\/wp-json\/wp\/v2\/users\/1"}],"replies":[{"embeddable":true,"href":"https:\/\/adopter.graindepixel.fr\/version\/wp-json\/wp\/v2\/comments?post=1769"}],"version-history":[{"count":0,"href":"https:\/\/adopter.graindepixel.fr\/version\/wp-json\/wp\/v2\/pages\/1769\/revisions"}],"wp:featuredmedia":[{"embeddable":true,"href":"https:\/\/adopter.graindepixel.fr\/version\/wp-json\/wp\/v2\/media\/8284"}],"wp:attachment":[{"href":"https:\/\/adopter.graindepixel.fr\/version\/wp-json\/wp\/v2\/media?parent=1769"}],"curies":[{"name":"wp","href":"https:\/\/api.w.org\/{rel}","templated":true}]}}