{"id":2378,"date":"2023-12-10T15:45:50","date_gmt":"2023-12-10T14:45:50","guid":{"rendered":"https:\/\/refuge.graindepixel.fr\/wordpress\/?page_id=2378"},"modified":"2026-02-09T11:04:30","modified_gmt":"2026-02-09T10:04:30","slug":"fiv-chats-virus-adoption-refuge","status":"publish","type":"page","link":"https:\/\/adopter.graindepixel.fr\/version\/fiv-chats-virus-adoption-refuge\/","title":{"rendered":"La FIV et le chat"},"content":{"rendered":"<h1>LA FIV chez le chat<\/h1>\n<h2>virus de l\u2019immunod\u00e9ficience f\u00e9line<br \/>\n<\/h2>\n<h2>C\u2019est quoi FIV ?<br \/>\n<\/h2>\n<h3>virus de l\u2019immunod\u00e9ficience f\u00e9line<\/h3>\n<p>La FIV se transmet principalement par les combats et les morsures entre chats non st\u00e9rilis\u00e9s ou par l\u2019exposition \u00e0 la salive infect\u00e9e, bien que les chatons puissent \u00e9galement contracter le virus de leur m\u00e8re pendant la gestation ou l\u2019allaitement.<\/p>\n<p>\u00a0<\/p>\n<p>La FIV chez les chats, ou le virus de l\u2019immunod\u00e9ficience f\u00e9line, est une infection virale chronique qui affecte les chats du monde entier. Cette maladie est similaire au VIH (virus de l\u2019immunod\u00e9ficience humaine) chez les humains. La FIV affaiblit le syst\u00e8me immunitaire du chat, le rendant plus vuln\u00e9rable aux infections et aux maladies.<\/p>\n<p>\t\t\t\t\t\t\t\t\t\t\t\t\t\t\t<img loading=\"lazy\" decoding=\"async\" width=\"1024\" height=\"682\" src=\"https:\/\/adopter.graindepixel.fr\/version\/wp-content\/uploads\/2025\/12\/reguge-de-l-angoumois-grain-de-pixel-photographe-charente-629-1024x682.jpg\" alt=\"virus de l\u2019immunod\u00e9ficience f\u00e9line - FIV - refuge de l&#039;Angoumois - SPA de Mornac - Franck SIMON - photographe canin en Charente\" srcset=\"https:\/\/adopter.graindepixel.fr\/version\/wp-content\/uploads\/2025\/12\/reguge-de-l-angoumois-grain-de-pixel-photographe-charente-629-1024x682.jpg 1024w, https:\/\/adopter.graindepixel.fr\/version\/wp-content\/uploads\/2025\/12\/reguge-de-l-angoumois-grain-de-pixel-photographe-charente-629-300x200.jpg 300w, https:\/\/adopter.graindepixel.fr\/version\/wp-content\/uploads\/2025\/12\/reguge-de-l-angoumois-grain-de-pixel-photographe-charente-629-768x511.jpg 768w, https:\/\/adopter.graindepixel.fr\/version\/wp-content\/uploads\/2025\/12\/reguge-de-l-angoumois-grain-de-pixel-photographe-charente-629-1536x1022.jpg 1536w, https:\/\/adopter.graindepixel.fr\/version\/wp-content\/uploads\/2025\/12\/reguge-de-l-angoumois-grain-de-pixel-photographe-charente-629.jpg 2048w\" sizes=\"auto, (max-width: 1024px) 100vw, 1024px\" \/><br \/>\n\t\t\t\t\t\t\t\t\t\t\t\t\t\t\t<img loading=\"lazy\" decoding=\"async\" width=\"1024\" height=\"682\" src=\"https:\/\/adopter.graindepixel.fr\/version\/wp-content\/uploads\/2025\/12\/sans-titre-262-1024x682.jpg\" alt=\"virus de l\u2019immunod\u00e9ficience f\u00e9line - FIV - refuge de l&#039;Angoumois - SPA de Mornac - Franck SIMON - photographe canin en Charente\" srcset=\"https:\/\/adopter.graindepixel.fr\/version\/wp-content\/uploads\/2025\/12\/sans-titre-262-1024x682.jpg 1024w, https:\/\/adopter.graindepixel.fr\/version\/wp-content\/uploads\/2025\/12\/sans-titre-262-300x200.jpg 300w, https:\/\/adopter.graindepixel.fr\/version\/wp-content\/uploads\/2025\/12\/sans-titre-262-768x511.jpg 768w, https:\/\/adopter.graindepixel.fr\/version\/wp-content\/uploads\/2025\/12\/sans-titre-262-1536x1022.jpg 1536w, https:\/\/adopter.graindepixel.fr\/version\/wp-content\/uploads\/2025\/12\/sans-titre-262.jpg 2048w\" sizes=\"auto, (max-width: 1024px) 100vw, 1024px\" \/>\t\t\t\t\t\t\t\t\t\t\t\t\t\t\t<\/p>\n<details id=\"e-n-accordion-item-1980\" open>\n<summary data-accordion-index=\"1\" tabindex=\"0\" aria-expanded=\"true\" aria-controls=\"e-n-accordion-item-1980\" >\n\t\t\t\t\t Sympt\u00f4mes<br \/>\n\t\t\t\t\t\t<\/summary>\n<p>Les chats atteints de la FIV peuvent ne pr\u00e9senter aucun sympt\u00f4me pendant des ann\u00e9es. Cependant, les signes courants incluent la perte de poids, la fi\u00e8vre persistante, la l\u00e9thargie, les infections fr\u00e9quentes, les probl\u00e8mes de gencives, et des troubles oculaires.<\/p>\n<\/details>\n<details id=\"e-n-accordion-item-1981\" >\n<summary data-accordion-index=\"2\" tabindex=\"-1\" aria-expanded=\"false\" aria-controls=\"e-n-accordion-item-1981\" >\n\t\t\t\t\t Diagnostic<br \/>\n\t\t\t\t\t\t<\/summary>\n<p>Diagnostic : Un v\u00e9t\u00e9rinaire peut diagnostiquer la FIV chez un chat \u00e0 l\u2019aide de tests sanguins sp\u00e9cifiques qui d\u00e9tectent les anticorps ou l\u2019ADN du virus.<\/p>\n<\/details>\n<details id=\"e-n-accordion-item-1982\" >\n<summary data-accordion-index=\"3\" tabindex=\"-1\" aria-expanded=\"false\" aria-controls=\"e-n-accordion-item-1982\" >\n\t\t\t\t\t Pr\u00e9vention<br \/>\n\t\t\t\t\t\t<\/summary>\n<p>Pr\u00e9vention : La meilleure fa\u00e7on de pr\u00e9venir la propagation de la FIV est de st\u00e9riliser les chats pour r\u00e9duire les combats territoriaux, de limiter l\u2019exposition des chats \u00e0 risque, et d\u2019\u00e9viter les contacts entre les chats infect\u00e9s et les chats non infect\u00e9s.<\/p>\n<\/details>\n<details id=\"e-n-accordion-item-1983\" >\n<summary data-accordion-index=\"4\" tabindex=\"-1\" aria-expanded=\"false\" aria-controls=\"e-n-accordion-item-1983\" >\n\t\t\t\t\t Traitement<br \/>\n\t\t\t\t\t\t<\/summary>\n<p>Traitement : Il n\u2019existe pas de traitement curatif pour la FIV chez les chats. Cependant, les v\u00e9t\u00e9rinaires peuvent recommander des soins de soutien pour traiter les sympt\u00f4mes et renforcer le syst\u00e8me immunitaire. Une alimentation saine, des soins dentaires r\u00e9guliers et une gestion proactive des infections sont essentiels pour maintenir la sant\u00e9 d\u2019un chat atteint de la FIV.<\/p>\n<\/details>\n<details id=\"e-n-accordion-item-1984\" >\n<summary data-accordion-index=\"5\" tabindex=\"-1\" aria-expanded=\"false\" aria-controls=\"e-n-accordion-item-1984\" >\n\t\t\t\t\t Esp\u00e9rance de vie<br \/>\n\t\t\t\t\t\t<\/summary>\n<p>Les chats atteints de la FIV peuvent avoir des dur\u00e9es de vie variables. Certains peuvent vivre de nombreuses ann\u00e9es sans sympt\u00f4mes graves, tandis que d\u2019autres peuvent d\u00e9velopper des probl\u00e8mes de sant\u00e9 plus rapidement.<\/p>\n<p>Il est important de souligner que la FIV chez les chats ne se transmet pas aux humains et qu\u2019elle ne peut \u00eatre contract\u00e9e que par les f\u00e9lins. En sensibilisant le grand public \u00e0 cette maladie, on peut encourager la st\u00e9rilisation responsable des chats, r\u00e9duire les risques de transmission et assurer des soins appropri\u00e9s aux chats atteints de la FIV. Si vous suspectez que votre chat pr\u00e9sente des sympt\u00f4mes de la FIV, il est recommand\u00e9 de consulter rapidement un v\u00e9t\u00e9rinaire pour un diagnostic et des conseils appropri\u00e9s.<\/p>\n<p>\u00a0<\/p>\n<p>Par exp\u00e9rience, nous savons que les chats FIV+ peuvent vivre tr\u00e8s vieux et rester en bonne sant\u00e9. \u00catre FIV+ ce n\u2019est pas avoir une \u00e9p\u00e9e de Damocl\u00e8s au-dessus de la t\u00eate, c\u2019est vivre aussi comme tous les autres petits f\u00e9lins.<\/p>\n<\/details>\n<p>Les chats atteints de la FIV peuvent ne pr\u00e9senter aucun sympt\u00f4me pendant des ann\u00e9es. Cependant, les signes courants incluent la perte de poids, la fi\u00e8vre persistante, la l\u00e9thargie, les infections fr\u00e9quentes, les probl\u00e8mes de gencives, et des troubles oculaires.<\/p>\n<p>Diagnostic : Un v\u00e9t\u00e9rinaire peut diagnostiquer la FIV chez un chat \u00e0 l\u2019aide de tests sanguins sp\u00e9cifiques qui d\u00e9tectent les anticorps ou l\u2019ADN du virus.<\/p>\n<p>Pr\u00e9vention : La meilleure fa\u00e7on de pr\u00e9venir la propagation de la FIV est de st\u00e9riliser les chats pour r\u00e9duire les combats territoriaux, de limiter l\u2019exposition des chats \u00e0 risque, et d\u2019\u00e9viter les contacts entre les chats infect\u00e9s et les chats non infect\u00e9s.<\/p>\n<p>Traitement : Il n\u2019existe pas de traitement curatif pour la FIV chez les chats. Cependant, les v\u00e9t\u00e9rinaires peuvent recommander des soins de soutien pour traiter les sympt\u00f4mes et renforcer le syst\u00e8me immunitaire. Une alimentation saine, des soins dentaires r\u00e9guliers et une gestion proactive des infections sont essentiels pour maintenir la sant\u00e9 d\u2019un chat atteint de la FIV.<\/p>\n<p>Les chats atteints de la FIV peuvent avoir des dur\u00e9es de vie variables. Certains peuvent vivre de nombreuses ann\u00e9es sans sympt\u00f4mes graves, tandis que d\u2019autres peuvent d\u00e9velopper des probl\u00e8mes de sant\u00e9 plus rapidement.<\/p>\n<p>Il est important de souligner que la FIV chez les chats ne se transmet pas aux humains et qu\u2019elle ne peut \u00eatre contract\u00e9e que par les f\u00e9lins. En sensibilisant le grand public \u00e0 cette maladie, on peut encourager la st\u00e9rilisation responsable des chats, r\u00e9duire les risques de transmission et assurer des soins appropri\u00e9s aux chats atteints de la FIV. Si vous suspectez que votre chat pr\u00e9sente des sympt\u00f4mes de la FIV, il est recommand\u00e9 de consulter rapidement un v\u00e9t\u00e9rinaire pour un diagnostic et des conseils appropri\u00e9s.<\/p>\n<p>\u00a0<\/p>\n<p>Par exp\u00e9rience, nous savons que les chats FIV+ peuvent vivre tr\u00e8s vieux et rester en bonne sant\u00e9. \u00catre FIV+ ce n\u2019est pas avoir une \u00e9p\u00e9e de Damocl\u00e8s au-dessus de la t\u00eate, c\u2019est vivre aussi comme tous les autres petits f\u00e9lins.<\/p>\n<h2>La FIV n\u2019est pas une fin en soi pour le chat<br \/>\n<\/h2>\n<p>Le FIV est un virus qui se transmet uniquement entre chats par voie sexuelle, lors de la gestation ou par morsure tr\u00e8s s\u00e9v\u00e8re avec un contact sang\/salive.<\/p>\n<p>\u00a0<\/p>\n<p>Il peut rester \u00e0 l\u2019\u00e9tat latent pendant de tr\u00e8s nombreuses ann\u00e9es et permet \u00e0 la grande majorit\u00e9 des animaux contamin\u00e9s de vivre une vie tout \u00e0 fait normale et ce dans une famille avec d\u2019autres chats, non-FIV. Le chat FIV+ peut vivre aussi longtemps que n\u2019importe quel autre chat car le virus peut ne jamais se d\u00e9clarer. Les chats FIV+ et FIV- peuvent cohabiter sans risque de transmission du virus. Le chat FIV+ est porteur d\u2019un virus mais il n\u2019est pas malade.<\/p>\n<p>\u00a0<\/p>\n<p>Un chat FIV+ vous procurera la m\u00eame joie et vous apportera le m\u00eame amour inconditionnel que n\u2019importe quel autre chat. Il m\u00e9rite, lui aussi, de trouver une famille pour la vie.<\/p>\n<p>\t\t\t\t\t\t\t\t\t\t\t\t\t\t\t<img loading=\"lazy\" decoding=\"async\" width=\"1024\" height=\"682\" src=\"https:\/\/adopter.graindepixel.fr\/version\/wp-content\/uploads\/2025\/12\/sans-titre-240-1024x682.jpg\" alt=\"virus de l\u2019immunod\u00e9ficience f\u00e9line - FIV - refuge de l&#039;Angoumois - SPA de Mornac - Franck SIMON - photographe canin en Charente\" srcset=\"https:\/\/adopter.graindepixel.fr\/version\/wp-content\/uploads\/2025\/12\/sans-titre-240-1024x682.jpg 1024w, https:\/\/adopter.graindepixel.fr\/version\/wp-content\/uploads\/2025\/12\/sans-titre-240-300x200.jpg 300w, https:\/\/adopter.graindepixel.fr\/version\/wp-content\/uploads\/2025\/12\/sans-titre-240-768x511.jpg 768w, https:\/\/adopter.graindepixel.fr\/version\/wp-content\/uploads\/2025\/12\/sans-titre-240-1536x1022.jpg 1536w, https:\/\/adopter.graindepixel.fr\/version\/wp-content\/uploads\/2025\/12\/sans-titre-240.jpg 2048w\" sizes=\"auto, (max-width: 1024px) 100vw, 1024px\" \/><\/p>\n","protected":false},"excerpt":{"rendered":"<p>LA FIV chez le chat virus de l\u2019immunod\u00e9ficience f\u00e9line C\u2019est quoi FIV ? virus de l\u2019immunod\u00e9ficience f\u00e9line La FIV se transmet principalement par les combats et les morsures entre chats non st\u00e9rilis\u00e9s ou par l\u2019exposition \u00e0 la salive infect\u00e9e, bien que les chatons puissent \u00e9galement contracter le virus de leur m\u00e8re pendant la gestation ou [&hellip;]<\/p>\n","protected":false},"author":1,"featured_media":8480,"parent":0,"menu_order":0,"comment_status":"closed","ping_status":"closed","template":"","meta":{"_acf_changed":false,"footnotes":""},"class_list":["post-2378","page","type-page","status-publish","has-post-thumbnail","hentry"],"acf":[],"_links":{"self":[{"href":"https:\/\/adopter.graindepixel.fr\/version\/wp-json\/wp\/v2\/pages\/2378","targetHints":{"allow":["GET"]}}],"collection":[{"href":"https:\/\/adopter.graindepixel.fr\/version\/wp-json\/wp\/v2\/pages"}],"about":[{"href":"https:\/\/adopter.graindepixel.fr\/version\/wp-json\/wp\/v2\/types\/page"}],"author":[{"embeddable":true,"href":"https:\/\/adopter.graindepixel.fr\/version\/wp-json\/wp\/v2\/users\/1"}],"replies":[{"embeddable":true,"href":"https:\/\/adopter.graindepixel.fr\/version\/wp-json\/wp\/v2\/comments?post=2378"}],"version-history":[{"count":0,"href":"https:\/\/adopter.graindepixel.fr\/version\/wp-json\/wp\/v2\/pages\/2378\/revisions"}],"wp:featuredmedia":[{"embeddable":true,"href":"https:\/\/adopter.graindepixel.fr\/version\/wp-json\/wp\/v2\/media\/8480"}],"wp:attachment":[{"href":"https:\/\/adopter.graindepixel.fr\/version\/wp-json\/wp\/v2\/media?parent=2378"}],"curies":[{"name":"wp","href":"https:\/\/api.w.org\/{rel}","templated":true}]}}