{"id":4219,"date":"2024-08-22T15:12:07","date_gmt":"2024-08-22T13:12:07","guid":{"rendered":"https:\/\/refugedelangoumois.fr\/?page_id=4219"},"modified":"2024-08-22T15:12:07","modified_gmt":"2024-08-22T13:12:07","slug":"signalement-maltraitance-animale-refuge","status":"publish","type":"page","link":"https:\/\/adopter.graindepixel.fr\/version\/signalement-maltraitance-animale-refuge\/","title":{"rendered":"Signalement de maltraitance animale"},"content":{"rendered":"<h1>Signalement de maltraitance<\/h1>\n<h2>Informez nous<\/h2>\n<p>\t\t\t\t\t\t\t\t\t\t\t\t\t\t\t<img loading=\"lazy\" decoding=\"async\" width=\"1024\" height=\"682\" src=\"https:\/\/adopter.graindepixel.fr\/version\/wp-content\/uploads\/2025\/12\/Rrefuge-de-lAngoumois-13-09-25-514-1024x682.jpg\" alt=\"signalement de maltraitance - refuge de l&#039;angoumois - cr\u00e9dit photo : Franck SIMON - Grain de Pixel - Charente\" srcset=\"https:\/\/adopter.graindepixel.fr\/version\/wp-content\/uploads\/2025\/12\/Rrefuge-de-lAngoumois-13-09-25-514-1024x682.jpg 1024w, https:\/\/adopter.graindepixel.fr\/version\/wp-content\/uploads\/2025\/12\/Rrefuge-de-lAngoumois-13-09-25-514-300x200.jpg 300w, https:\/\/adopter.graindepixel.fr\/version\/wp-content\/uploads\/2025\/12\/Rrefuge-de-lAngoumois-13-09-25-514-768x511.jpg 768w, https:\/\/adopter.graindepixel.fr\/version\/wp-content\/uploads\/2025\/12\/Rrefuge-de-lAngoumois-13-09-25-514-1536x1022.jpg 1536w, https:\/\/adopter.graindepixel.fr\/version\/wp-content\/uploads\/2025\/12\/Rrefuge-de-lAngoumois-13-09-25-514.jpg 2048w\" sizes=\"auto, (max-width: 1024px) 100vw, 1024px\" \/>\t\t\t\t\t\t\t\t\t\t\t\t\t\t\t<\/p>\n<h2>Signaler la maltraitance animale est primordial<br \/>\n<\/h2>\n<p>Vous avez \u00e9t\u00e9 t\u00e9moin d\u2019une maltraitance animale, ou encore vous souhaitez faire remonter des dysfonctionnements qui pourraient \u00eatre assimil\u00e9 \u00e0 de la maltraitance ? Le refuge de l\u2019Angoumois se tient \u00e0 votre disposition pour recueillir les donn\u00e9es que vous pourrez apporter. Nos \u00e9quipes s\u2019occuperont ensuite de proc\u00e9der \u00e0 la v\u00e9rification des faits, et des signalement et le traitement de ces informations. Votre vigilance est importante et nous vous en remercions.<\/p>\n<p>\u00a0<\/p>\n<h2>Vous souhaitez nous signaler un cas de maltraitance animale ?<\/h2>\n<ul>\n<li>Mauvais traitements<\/li>\n<li>Abandon<\/li>\n<li>S\u00e9vices graves et actes de cruaut\u00e9<\/li>\n<li>Atteinte volontaire \u00e0 la vie d&rsquo;un animal<\/li>\n<li>Atteinte involontaire \u00e0 la vie ou \u00e0 l&rsquo;int\u00e9grit\u00e9 d&rsquo;un animal<\/li>\n<\/ul>\n<p style=\"text-align: center;\"><strong>Les actes de maltraitance sur les animaux sont punis par le code p\u00e9nal.<\/strong><\/p>\n","protected":false},"excerpt":{"rendered":"<p>Signalement de maltraitance Informez nous Signaler la maltraitance animale est primordial Vous avez \u00e9t\u00e9 t\u00e9moin d\u2019une maltraitance animale, ou encore vous souhaitez faire remonter des dysfonctionnements qui pourraient \u00eatre assimil\u00e9 \u00e0 de la maltraitance ? Le refuge de l\u2019Angoumois se tient \u00e0 votre disposition pour recueillir les donn\u00e9es que vous pourrez apporter. Nos \u00e9quipes s\u2019occuperont [&hellip;]<\/p>\n","protected":false},"author":1,"featured_media":2676,"parent":0,"menu_order":0,"comment_status":"closed","ping_status":"closed","template":"","meta":{"_acf_changed":false,"footnotes":""},"class_list":["post-4219","page","type-page","status-publish","has-post-thumbnail","hentry"],"acf":[],"_links":{"self":[{"href":"https:\/\/adopter.graindepixel.fr\/version\/wp-json\/wp\/v2\/pages\/4219","targetHints":{"allow":["GET"]}}],"collection":[{"href":"https:\/\/adopter.graindepixel.fr\/version\/wp-json\/wp\/v2\/pages"}],"about":[{"href":"https:\/\/adopter.graindepixel.fr\/version\/wp-json\/wp\/v2\/types\/page"}],"author":[{"embeddable":true,"href":"https:\/\/adopter.graindepixel.fr\/version\/wp-json\/wp\/v2\/users\/1"}],"replies":[{"embeddable":true,"href":"https:\/\/adopter.graindepixel.fr\/version\/wp-json\/wp\/v2\/comments?post=4219"}],"version-history":[{"count":0,"href":"https:\/\/adopter.graindepixel.fr\/version\/wp-json\/wp\/v2\/pages\/4219\/revisions"}],"wp:featuredmedia":[{"embeddable":true,"href":"https:\/\/adopter.graindepixel.fr\/version\/wp-json\/wp\/v2\/media\/2676"}],"wp:attachment":[{"href":"https:\/\/adopter.graindepixel.fr\/version\/wp-json\/wp\/v2\/media?parent=4219"}],"curies":[{"name":"wp","href":"https:\/\/api.w.org\/{rel}","templated":true}]}}

<h1>Signalement de maltraitance</h1>
<h2>Informez nous</h2>
<p>															<img loading="lazy" decoding="async" width="1024" height="682" src="https://adopter.graindepixel.fr/version/wp-content/uploads/2025/12/Rrefuge-de-lAngoumois-13-09-25-514-1024x682.jpg" alt="signalement de maltraitance - refuge de l&#039;angoumois - crédit photo : Franck SIMON - Grain de Pixel - Charente" srcset="https://adopter.graindepixel.fr/version/wp-content/uploads/2025/12/Rrefuge-de-lAngoumois-13-09-25-514-1024x682.jpg 1024w, https://adopter.graindepixel.fr/version/wp-content/uploads/2025/12/Rrefuge-de-lAngoumois-13-09-25-514-300x200.jpg 300w, https://adopter.graindepixel.fr/version/wp-content/uploads/2025/12/Rrefuge-de-lAngoumois-13-09-25-514-768x511.jpg 768w, https://adopter.graindepixel.fr/version/wp-content/uploads/2025/12/Rrefuge-de-lAngoumois-13-09-25-514-1536x1022.jpg 1536w, https://adopter.graindepixel.fr/version/wp-content/uploads/2025/12/Rrefuge-de-lAngoumois-13-09-25-514.jpg 2048w" sizes="auto, (max-width: 1024px) 100vw, 1024px" />															</p>
<h2>Signaler la maltraitance animale est primordial<br />
</h2>
<p>Vous avez été témoin d’une maltraitance animale, ou encore vous souhaitez faire remonter des dysfonctionnements qui pourraient être assimilé à de la maltraitance ? Le refuge de l’Angoumois se tient à votre disposition pour recueillir les données que vous pourrez apporter. Nos équipes s’occuperont ensuite de procéder à la vérification des faits, et des signalement et le traitement de ces informations. Votre vigilance est importante et nous vous en remercions.</p>
<p> </p>
<h2>Vous souhaitez nous signaler un cas de maltraitance animale ?</h2>
<ul>
<li>Mauvais traitements</li>
<li>Abandon</li>
<li>Sévices graves et actes de cruauté</li>
<li>Atteinte volontaire à la vie d&rsquo;un animal</li>
<li>Atteinte involontaire à la vie ou à l&rsquo;intégrité d&rsquo;un animal</li>
</ul>
<p style="text-align: center;"><strong>Les actes de maltraitance sur les animaux sont punis par le code pénal.</strong></p>

<p>Signalement de maltraitance Informez nous Signaler la maltraitance animale est primordial Vous avez été témoin d’une maltraitance animale, ou encore vous souhaitez faire remonter des dysfonctionnements qui pourraient être assimilé à de la maltraitance ? Le refuge de l’Angoumois se tient à votre disposition pour recueillir les données que vous pourrez apporter. Nos équipes s’occuperont [&hellip;]</p>
