{"id":4962,"date":"2025-11-14T10:49:18","date_gmt":"2025-11-14T09:49:18","guid":{"rendered":"https:\/\/www.adopter.graindepixel.fr\/version\/?page_id=4962"},"modified":"2026-03-12T10:58:03","modified_gmt":"2026-03-12T09:58:03","slug":"questionnaire-d-adoption","status":"publish","type":"page","link":"https:\/\/adopter.graindepixel.fr\/version\/questionnaire-d-adoption\/","title":{"rendered":"Questionnaire d&rsquo;adoption pour les chiens"},"content":{"rendered":"<h1>Questionnaire d&rsquo;adoption<\/h1>\n<h2>Refuge de l&rsquo;Angoumois &#8211; SPA de Mornac<\/h2>\n<p>Afin de vous aider \u00e0 mieux vous connaitre et vous aider \u00e0 trouver l&rsquo;animal qui sera le plus adapt\u00e9 \u00e0 votre recherche nous aurions besoin de quelques informations.\u00a0Nous souhaitons mieux connaitre vos intentions. Comme vous vous en doutez adopter un animal demande un engagement certain et des responsabilit\u00e9s. Nous souhaitons juste nous assurer que vous avez bien mesur\u00e9 ce choix.<\/p>\n","protected":false},"excerpt":{"rendered":"<p>Questionnaire d&rsquo;adoption Refuge de l&rsquo;Angoumois &#8211; SPA de Mornac Afin de vous aider \u00e0 mieux vous connaitre et vous aider \u00e0 trouver l&rsquo;animal qui sera le plus adapt\u00e9 \u00e0 votre recherche nous aurions besoin de quelques informations.\u00a0Nous souhaitons mieux connaitre vos intentions. Comme vous vous en doutez adopter un animal demande un engagement certain et [&hellip;]<\/p>\n","protected":false},"author":1,"featured_media":38355,"parent":0,"menu_order":0,"comment_status":"closed","ping_status":"closed","template":"","meta":{"_acf_changed":false,"footnotes":""},"class_list":["post-4962","page","type-page","status-publish","has-post-thumbnail","hentry"],"acf":[],"_links":{"self":[{"href":"https:\/\/adopter.graindepixel.fr\/version\/wp-json\/wp\/v2\/pages\/4962","targetHints":{"allow":["GET"]}}],"collection":[{"href":"https:\/\/adopter.graindepixel.fr\/version\/wp-json\/wp\/v2\/pages"}],"about":[{"href":"https:\/\/adopter.graindepixel.fr\/version\/wp-json\/wp\/v2\/types\/page"}],"author":[{"embeddable":true,"href":"https:\/\/adopter.graindepixel.fr\/version\/wp-json\/wp\/v2\/users\/1"}],"replies":[{"embeddable":true,"href":"https:\/\/adopter.graindepixel.fr\/version\/wp-json\/wp\/v2\/comments?post=4962"}],"version-history":[{"count":1,"href":"https:\/\/adopter.graindepixel.fr\/version\/wp-json\/wp\/v2\/pages\/4962\/revisions"}],"predecessor-version":[{"id":41646,"href":"https:\/\/adopter.graindepixel.fr\/version\/wp-json\/wp\/v2\/pages\/4962\/revisions\/41646"}],"wp:featuredmedia":[{"embeddable":true,"href":"https:\/\/adopter.graindepixel.fr\/version\/wp-json\/wp\/v2\/media\/38355"}],"wp:attachment":[{"href":"https:\/\/adopter.graindepixel.fr\/version\/wp-json\/wp\/v2\/media?parent=4962"}],"curies":[{"name":"wp","href":"https:\/\/api.w.org\/{rel}","templated":true}]}}